{"id":2,"date":"2017-07-22T02:22:18","date_gmt":"2017-07-22T02:22:18","guid":{"rendered":"http:\/\/www.konkursbiotechnologiczny.ch.pw.edu.pl\/?page_id=2"},"modified":"2025-10-27T12:39:04","modified_gmt":"2025-10-27T12:39:04","slug":"o-konkursie","status":"publish","type":"page","link":"https:\/\/www.konkursbiotechnologiczny.ch.pw.edu.pl\/index.php\/o-konkursie\/","title":{"rendered":"O konkursie"},"content":{"rendered":"\n<p><span style=\"font-size: large;\">Konkurs ma na celu zainteresowanie uczni\u00f3w biotechnologi\u0105, jej rol\u0105, znaczeniem i mo\u017cliwo\u015bciami wykorzystania w rozmaitych dziedzinach nauki, \u017cycia, medycyny, gospodarki oraz przemys\u0142u. Udzia\u0142 w Konkursie pog\u0142\u0119bi i poszerzy wiedz\u0119 oraz umiej\u0119tno\u015bci jej zdobywania, a tak\u017ce rozwinie zainteresowania.<\/span><\/p>\n\n\n\n<p>PLAKAT &#8211; mo\u017cna wydrukowa\u0107 i podzieli\u0107 si\u0119 z innymi \ud83d\ude42 W IX edycji przygotowali\u015bmy ca\u0142\u0105 seri\u0119 poster\u00f3w promuj\u0105cych Konkurs Biotechnologiczny: <a href=\"https:\/\/www.konkursbiotechnologiczny.ch.pw.edu.pl\/wp-content\/uploads\/2025\/10\/IX-KB_poster_1.pdf\" data-type=\"link\" data-id=\"https:\/\/www.konkursbiotechnologiczny.ch.pw.edu.pl\/wp-content\/uploads\/2025\/10\/IX-KB_poster_1.pdf\">wersja_1<\/a>, <a href=\"https:\/\/www.konkursbiotechnologiczny.ch.pw.edu.pl\/wp-content\/uploads\/2025\/10\/IX-KB_poster_2.pdf\" data-type=\"link\" data-id=\"https:\/\/www.konkursbiotechnologiczny.ch.pw.edu.pl\/wp-content\/uploads\/2025\/10\/IX-KB_poster_2.pdf\">wersja_2<\/a>, <a href=\"https:\/\/www.konkursbiotechnologiczny.ch.pw.edu.pl\/wp-content\/uploads\/2025\/10\/IX-KB_poster_3.pdf\" data-type=\"link\" data-id=\"https:\/\/www.konkursbiotechnologiczny.ch.pw.edu.pl\/wp-content\/uploads\/2025\/10\/IX-KB_poster_3.pdf\">wersja_3<\/a>.<\/p>\n\n\n\n<p><span style=\"font-size: large;\">Laureaci Konkursu Biotechnologicznego, kt\u00f3rzy uzyskali \u015bwiadectwo dojrza\u0142o\u015bci w roku szkolnym poprzedzaj\u0105cym rok akademicki, na kt\u00f3ry ubiegaj\u0105 si\u0119 o przyj\u0119cie na studia, nabywaj\u0105 uprawnienia do przyj\u0119cia na dwa kierunki studi\u00f3w stacjonarnych I stopnia \u2013 Biotechnologia (na Wydziale Chemicznym), a tak\u017ce&nbsp; Ochrona \u015arodowiska (na Wydziale In\u017cynierii \u015arodowiska) \u2013 poza procedur\u0105 kwalifikacyjn\u0105 opart\u0105 na wynikach egzaminu maturalnego. Laureaci&nbsp; i&nbsp; wyr\u00f3\u017cnieni Finali\u015bci&nbsp; Konkursu,&nbsp; kt\u00f3rzy&nbsp; zechc\u0105&nbsp; podj\u0105\u0107&nbsp; studia na Politechnice Warszawskiej, oraz b\u0119d\u0105 brali udzia\u0142 w procedurze kwalifikacyjnej,&nbsp; otrzymaj\u0105&nbsp; maksymaln\u0105&nbsp; liczb\u0119&nbsp; punkt\u00f3w&nbsp; z&nbsp; przedmiotu&nbsp; biologia i chemia, bez wzgl\u0119du na liczb\u0119 uzyskanych punkt\u00f3w z egzaminu maturalnego z tych przedmiot\u00f3w. Dotyczy to rekrutacji na wszystkie Wydzia\u0142y PW na kt\u00f3rych dany przedmiot brany jest pod uwag\u0119 w procedurze kwalifikacyjnej (jest przedmiotem do wyboru).<br><\/span><\/p>\n\n\n\n<p><span style=\"font-size: large;\"><a href=\"https:\/\/www.pw.edu.pl\/studia-i-stopnia\/zasady-przyjec-na-studia-stacjonarne-i-stopnia\" data-type=\"link\" data-id=\"https:\/\/www.pw.edu.pl\/studia-i-stopnia\/zasady-przyjec-na-studia-stacjonarne-i-stopnia\">KONKURSY O INDEKS PW<\/a><br><\/span><\/p>\n\n\n\n<p><\/p>\n","protected":false},"excerpt":{"rendered":"<p>Konkurs ma na celu zainteresowanie uczni\u00f3w biotechnologi\u0105, jej rol\u0105, znaczeniem i mo\u017cliwo\u015bciami wykorzystania w rozmaitych dziedzinach nauki, \u017cycia, medycyny, gospodarki oraz przemys\u0142u. Udzia\u0142 w Konkursie pog\u0142\u0119bi i poszerzy wiedz\u0119 oraz umiej\u0119tno\u015bci jej zdobywania, a tak\u017ce rozwinie zainteresowania. PLAKAT &#8211; mo\u017cna wydrukowa\u0107 i podzieli\u0107 si\u0119 z innymi \ud83d\ude42 W IX edycji przygotowali\u015bmy ca\u0142\u0105 seri\u0119 poster\u00f3w promuj\u0105cych [&hellip;]<\/p>\n","protected":false},"author":1,"featured_media":0,"parent":0,"menu_order":0,"comment_status":"closed","ping_status":"closed","template":"","meta":{"two_page_speed":[],"footnotes":""},"class_list":["post-2","page","type-page","status-publish","hentry"],"_links":{"self":[{"href":"https:\/\/www.konkursbiotechnologiczny.ch.pw.edu.pl\/index.php\/wp-json\/wp\/v2\/pages\/2","targetHints":{"allow":["GET"]}}],"collection":[{"href":"https:\/\/www.konkursbiotechnologiczny.ch.pw.edu.pl\/index.php\/wp-json\/wp\/v2\/pages"}],"about":[{"href":"https:\/\/www.konkursbiotechnologiczny.ch.pw.edu.pl\/index.php\/wp-json\/wp\/v2\/types\/page"}],"author":[{"embeddable":true,"href":"https:\/\/www.konkursbiotechnologiczny.ch.pw.edu.pl\/index.php\/wp-json\/wp\/v2\/users\/1"}],"replies":[{"embeddable":true,"href":"https:\/\/www.konkursbiotechnologiczny.ch.pw.edu.pl\/index.php\/wp-json\/wp\/v2\/comments?post=2"}],"version-history":[{"count":49,"href":"https:\/\/www.konkursbiotechnologiczny.ch.pw.edu.pl\/index.php\/wp-json\/wp\/v2\/pages\/2\/revisions"}],"predecessor-version":[{"id":1501,"href":"https:\/\/www.konkursbiotechnologiczny.ch.pw.edu.pl\/index.php\/wp-json\/wp\/v2\/pages\/2\/revisions\/1501"}],"wp:attachment":[{"href":"https:\/\/www.konkursbiotechnologiczny.ch.pw.edu.pl\/index.php\/wp-json\/wp\/v2\/media?parent=2"}],"curies":[{"name":"wp","href":"https:\/\/api.w.org\/{rel}","templated":true}]}}