{"id":509,"date":"2019-10-01T11:28:53","date_gmt":"2019-10-01T11:28:53","guid":{"rendered":"http:\/\/www.konkursbiotechnologiczny.ch.pw.edu.pl\/?page_id=509"},"modified":"2025-12-01T10:08:22","modified_gmt":"2025-12-01T10:08:22","slug":"zrodla-wiedzy-3","status":"publish","type":"page","link":"https:\/\/www.konkursbiotechnologiczny.ch.pw.edu.pl\/index.php\/zrodla-wiedzy-3\/","title":{"rendered":"\u0179R\u00d3D\u0141A WIEDZY"},"content":{"rendered":"\n<p><strong>Edycja IX<\/strong><\/p>\n\n\n\n<p><a href=\"https:\/\/www.konkursbiotechnologiczny.ch.pw.edu.pl\/wp-content\/uploads\/2025\/12\/Zrodla-wiedzy-IX-KB.pdf\" data-type=\"link\" data-id=\"https:\/\/www.konkursbiotechnologiczny.ch.pw.edu.pl\/wp-content\/uploads\/2025\/12\/Zrodla-wiedzy-IX-KB.pdf\">Zestawienie \u017ar\u00f3de\u0142<\/a><\/p>\n\n\n\n<p><strong>Edycje I &#8211; VIII<\/strong><\/p>\n\n\n<ul>\n<li><span style=\"color: #000000;\"><a href=\"http:\/\/www.konkursbiotechnologiczny.ch.pw.edu.pl\/wp-content\/uploads\/2019\/10\/Laboratorium-z-biochemii_U\u017cyteczne-dane.pdf\"><span style=\"color: #000000;\">Laboratorium z biochemii &#8211; u\u017cyteczne dane<\/span><\/a><\/span><\/li>\n<li><span style=\"color: #000000;\"><a href=\"http:\/\/www.konkursbiotechnologiczny.ch.pw.edu.pl\/wp-content\/uploads\/2019\/10\/KONBIOTECH_-\u0179r\u00f3d\u0142a-wiedzy.docx\"><span style=\"color: #000000;\">Inne \u017ar\u00f3d\u0142a wiedzy biotechnologicznej<\/span><\/a><\/span><\/li>\n<li><span style=\"color: #000000;\"><a href=\"http:\/\/www.konkursbiotechnologiczny.ch.pw.edu.pl\/wp-content\/uploads\/2019\/10\/Hupert-Kocurek_2014.pdf\"><span style=\"color: #000000;\">Hupert-Kocurek i in. 2014<\/span><\/a><\/span><\/li>\n<li><span style=\"color: #000000;\"><a href=\"http:\/\/www.konkursbiotechnologiczny.ch.pw.edu.pl\/wp-content\/uploads\/2019\/10\/Chen_Arnold_1993.pdf\"><span style=\"color: #000000;\">Chen i Arnold 1993<\/span><\/a><\/span><\/li>\n<li><span style=\"color: #000000;\"><a href=\"http:\/\/www.konkursbiotechnologiczny.ch.pw.edu.pl\/wp-content\/uploads\/2019\/10\/Borysowski_G\u00f3rski_2004.pdf\"><span style=\"color: #000000;\">Borysowski i G\u00f3rski 2004<\/span><\/a><\/span><\/li>\n<li><span style=\"color: #000000;\"><a href=\"http:\/\/www.konkursbiotechnologiczny.ch.pw.edu.pl\/wp-content\/uploads\/2019\/10\/Smith_1985.pdf\"><span style=\"color: #000000;\">Smith 1985<\/span><\/a><\/span><\/li>\n<li><span style=\"color: #000000;\"><a href=\"http:\/\/www.konkursbiotechnologiczny.ch.pw.edu.pl\/wp-content\/uploads\/2019\/10\/Och-i-\u0141aska.pdf\"><span style=\"color: #000000;\">Och i \u0141aska 2015<\/span><\/a><\/span><\/li>\n<li><span style=\"color: #000000;\"><a href=\"http:\/\/www.konkursbiotechnologiczny.ch.pw.edu.pl\/wp-content\/uploads\/2019\/10\/Spolaore-i-in.-2006.pdf\"><span style=\"color: #000000;\">Spolaore i in. 2006<\/span><\/a><\/span><\/li>\n<li><span style=\"color: #000000;\"><a href=\"http:\/\/www.konkursbiotechnologiczny.ch.pw.edu.pl\/wp-content\/uploads\/2019\/10\/Grabowska-i-in.-2009.pdf\"><span style=\"color: #000000;\">Grabowska i in. 2009<\/span><\/a><\/span><\/li>\n<li><span style=\"color: #000000;\"><a href=\"http:\/\/www.konkursbiotechnologiczny.ch.pw.edu.pl\/wp-content\/uploads\/2019\/10\/Sikora-2018.pdf\"><span style=\"color: #000000;\">Sikora i in. 2018<\/span><\/a><\/span><\/li>\n<li><span style=\"color: #000000;\"><a href=\"http:\/\/www.konkursbiotechnologiczny.ch.pw.edu.pl\/wp-content\/uploads\/2019\/10\/Sosi\u0144ska-2016.pdf\"><span style=\"color: #000000;\">Sosi\u0144ska i in. 2016<\/span><\/a><\/span><\/li>\n<li><span style=\"color: #000000;\"><a href=\"http:\/\/www.konkursbiotechnologiczny.ch.pw.edu.pl\/wp-content\/uploads\/2019\/10\/G\u0142\u00f3wka-2018.pdf\"><span style=\"color: #000000;\">G\u0142\u00f3wka 2018<\/span><\/a><\/span><\/li>\n<li><span style=\"color: #000000;\"><a href=\"http:\/\/www.konkursbiotechnologiczny.ch.pw.edu.pl\/wp-content\/uploads\/2019\/10\/Godziszewska-i-in.-2016.pdf\"><span style=\"color: #000000;\">Godziszewska i in. 2016<\/span><\/a><\/span><\/li>\n<li><span style=\"color: #000000;\"><a href=\"http:\/\/www.konkursbiotechnologiczny.ch.pw.edu.pl\/wp-content\/uploads\/2017\/07\/Jab\u0142o\u0144ski_2010.pdf\"><span style=\"color: #000000;\">Jab\u0142o\u0144ski i in. 2010<\/span><\/a><\/span><\/li>\n<li><a href=\"http:\/\/www.konkursbiotechnologiczny.ch.pw.edu.pl\/wp-content\/uploads\/2019\/10\/Horvath_2010.pdf\"><span style=\"color: #000000;\">Horvath i in. 2010<\/span><\/a><\/li>\n<li><a href=\"http:\/\/www.konkursbiotechnologiczny.ch.pw.edu.pl\/wp-content\/uploads\/2019\/10\/Sankiewicz_2014.pdf\"><span style=\"color: #000000;\">Sankiewicz i in. 2014<\/span><\/a><\/li>\n<li><span style=\"color: #000000;\"><a href=\"http:\/\/www.konkursbiotechnologiczny.ch.pw.edu.pl\/wp-content\/uploads\/2019\/10\/Wang_2000.pdf\"><span style=\"color: #000000;\">Wang 2000<\/span><\/a><\/span><\/li>\n<li><a href=\"http:\/\/www.konkursbiotechnologiczny.ch.pw.edu.pl\/wp-content\/uploads\/2019\/10\/Szewczyk_fragmenty.pdf\"><span style=\"color: #000000;\">Szewczyk_fragmenty<\/span><\/a><\/li>\n<li><span style=\"color: #339966;\"><a href=\"http:\/\/www.konkursbiotechnologiczny.ch.pw.edu.pl\/wp-content\/uploads\/2021\/12\/V-KB-Dost\u0119pno\u015b\u0107-polecanej-literatury.pdf\"><span style=\"color: #339966;\"><span style=\"color: #000000;\"><span style=\"color: #339966;\">V KB dost\u0119pno\u015b\u0107 polecanej lit<\/span><\/span>eratury<\/span><\/a><\/span><\/li>\n<li><span style=\"color: #339966;\"><a href=\"http:\/\/www.konkursbiotechnologiczny.ch.pw.edu.pl\/wp-content\/uploads\/2021\/12\/Sharma2016_Article_CellulasesClassificationMethod.pdf\"><span style=\"color: #339966;\">Sharma 2016<\/span><\/a><br \/><\/span><\/li>\n<li><a href=\"http:\/\/www.konkursbiotechnologiczny.ch.pw.edu.pl\/wp-content\/uploads\/2021\/12\/Obruca-2015_Antioxidants-from-SCG.pdf\"><span style=\"color: #339966;\">Obruca 2015<\/span><\/a><\/li>\n<li><a href=\"http:\/\/www.konkursbiotechnologiczny.ch.pw.edu.pl\/wp-content\/uploads\/2021\/12\/McNutt-2019_SCG-utilization_Review.pdf\"><span style=\"color: #339966;\">McNutt 2019<\/span><\/a><\/li>\n<li><a href=\"http:\/\/www.konkursbiotechnologiczny.ch.pw.edu.pl\/wp-content\/uploads\/2021\/12\/Longo_Sorbello.pdf\"><span style=\"color: #339966;\">Longo-Sorbello<\/span><\/a><\/li>\n<li><a href=\"http:\/\/www.konkursbiotechnologiczny.ch.pw.edu.pl\/wp-content\/uploads\/2021\/12\/List-2000-Direct_Assymetric_Aldol_Reactions.pdf\"><span style=\"color: #339966;\">List 2000<\/span><\/a><\/li>\n<li><a href=\"http:\/\/www.konkursbiotechnologiczny.ch.pw.edu.pl\/wp-content\/uploads\/2021\/12\/Ishizaki-2014_-Bioethanol-1.pdf\"><span style=\"color: #339966;\">Ishizaki 2014<\/span><\/a><\/li>\n<li><a href=\"http:\/\/www.konkursbiotechnologiczny.ch.pw.edu.pl\/wp-content\/uploads\/2021\/12\/Hudeckova-2018_Lactic-acid-from-SCG.pdf\"><span style=\"color: #339966;\">Hudeckova 2018<\/span><\/a><\/li>\n<li><a href=\"http:\/\/www.konkursbiotechnologiczny.ch.pw.edu.pl\/wp-content\/uploads\/2021\/12\/Hayden-K.-Webb-2013_Plastic-degradation.pdf\"><span style=\"color: #339966;\">Webb 2013<\/span><\/a><\/li>\n<li><a href=\"http:\/\/www.konkursbiotechnologiczny.ch.pw.edu.pl\/wp-content\/uploads\/2021\/12\/Dahnum-2015_-Bioethanol-2_SSF.pdf\"><span style=\"color: #339966;\">Dahnum 2015<\/span><\/a><\/li>\n<li><a href=\"http:\/\/www.konkursbiotechnologiczny.ch.pw.edu.pl\/wp-content\/uploads\/2021\/12\/Chiranjeevi-2019_Enzymatic_electrosynthesis_for_CO2_reduction.pdf\"><span style=\"color: #339966;\">Chiranjeevi 2019<\/span><\/a><\/li>\n<li><span style=\"color: #339966;\"><a href=\"http:\/\/www.konkursbiotechnologiczny.ch.pw.edu.pl\/wp-content\/uploads\/2021\/12\/Blinova-2017_Biodiesel-from-SCG.pdf\"><span style=\"color: #339966;\">Blinova 2017<\/span><\/a><\/span><\/li>\n<\/ul>","protected":false},"excerpt":{"rendered":"<p>Edycja IX Zestawienie \u017ar\u00f3de\u0142 Edycje I &#8211; VIII Laboratorium z biochemii &#8211; u\u017cyteczne dane Inne \u017ar\u00f3d\u0142a wiedzy biotechnologicznej Hupert-Kocurek i in. 2014 Chen i Arnold 1993 Borysowski i G\u00f3rski 2004 Smith 1985 Och i \u0141aska 2015 Spolaore i in. 2006 Grabowska i in. 2009 Sikora i in. 2018 Sosi\u0144ska i in. 2016 G\u0142\u00f3wka 2018 Godziszewska [&hellip;]<\/p>\n","protected":false},"author":1,"featured_media":0,"parent":0,"menu_order":0,"comment_status":"closed","ping_status":"closed","template":"","meta":{"two_page_speed":[],"footnotes":""},"class_list":["post-509","page","type-page","status-publish","hentry"],"_links":{"self":[{"href":"https:\/\/www.konkursbiotechnologiczny.ch.pw.edu.pl\/index.php\/wp-json\/wp\/v2\/pages\/509","targetHints":{"allow":["GET"]}}],"collection":[{"href":"https:\/\/www.konkursbiotechnologiczny.ch.pw.edu.pl\/index.php\/wp-json\/wp\/v2\/pages"}],"about":[{"href":"https:\/\/www.konkursbiotechnologiczny.ch.pw.edu.pl\/index.php\/wp-json\/wp\/v2\/types\/page"}],"author":[{"embeddable":true,"href":"https:\/\/www.konkursbiotechnologiczny.ch.pw.edu.pl\/index.php\/wp-json\/wp\/v2\/users\/1"}],"replies":[{"embeddable":true,"href":"https:\/\/www.konkursbiotechnologiczny.ch.pw.edu.pl\/index.php\/wp-json\/wp\/v2\/comments?post=509"}],"version-history":[{"count":50,"href":"https:\/\/www.konkursbiotechnologiczny.ch.pw.edu.pl\/index.php\/wp-json\/wp\/v2\/pages\/509\/revisions"}],"predecessor-version":[{"id":1507,"href":"https:\/\/www.konkursbiotechnologiczny.ch.pw.edu.pl\/index.php\/wp-json\/wp\/v2\/pages\/509\/revisions\/1507"}],"wp:attachment":[{"href":"https:\/\/www.konkursbiotechnologiczny.ch.pw.edu.pl\/index.php\/wp-json\/wp\/v2\/media?parent=509"}],"curies":[{"name":"wp","href":"https:\/\/api.w.org\/{rel}","templated":true}]}}