{"id":708,"date":"2020-03-04T13:54:19","date_gmt":"2020-03-04T13:54:19","guid":{"rendered":"http:\/\/www.konkursbiotechnologiczny.ch.pw.edu.pl\/?page_id=708"},"modified":"2021-10-31T10:10:06","modified_gmt":"2021-10-31T10:10:06","slug":"rozwiazania-zadan","status":"publish","type":"page","link":"https:\/\/www.konkursbiotechnologiczny.ch.pw.edu.pl\/index.php\/rozwiazania-zadan\/","title":{"rendered":"ROZWI\u0104ZANIA PRZYK\u0141ADOWYCH ZADA\u0143"},"content":{"rendered":"<p><a href=\"http:\/\/www.konkursbiotechnologiczny.ch.pw.edu.pl\/wp-content\/uploads\/2017\/07\/III-KB_etap-I_rozwi\u0105zanie-zadania-5.pdf\">III KB_etap I_rozwi\u0105zanie zadania 5<\/a><\/p>\n<p><a href=\"http:\/\/www.konkursbiotechnologiczny.ch.pw.edu.pl\/wp-content\/uploads\/2017\/07\/III-KB_etap-I_rozwi\u0105zanie-zadania-6.pdf\">III KB_etap I_rozwi\u0105zanie zadania 6<\/a><\/p>\n<p><a href=\"http:\/\/www.konkursbiotechnologiczny.ch.pw.edu.pl\/wp-content\/uploads\/2017\/07\/III-KB_etap-I_rozwi\u0105zanie-zadania-7.pdf\">III KB_etap I_rozwi\u0105zanie zadania 7<\/a><\/p>\n<p><a href=\"http:\/\/www.konkursbiotechnologiczny.ch.pw.edu.pl\/wp-content\/uploads\/2017\/07\/III-KB_etap-I_rozwi\u0105zanie-zadania-8.pdf\">III KB_etap I_rozwi\u0105zanie zadania 8<\/a><\/p>\n<p><a href=\"http:\/\/www.konkursbiotechnologiczny.ch.pw.edu.pl\/wp-content\/uploads\/2017\/07\/III-KB_rozwi\u0105zanie-zadania-10.pdf\">III KB_ etap I_rozwi\u0105zanie zadania 10<\/a><\/p>\n<p><a href=\"http:\/\/www.konkursbiotechnologiczny.ch.pw.edu.pl\/wp-content\/uploads\/2021\/04\/IV-KB-Fina\u0142_Rozwi\u0105zanie-zadania-4.pdf\"><span style=\"color: #ff0000;\">IV KB_etap II_rozwi\u0105zanie zadania 4<\/span><\/a><\/p>\n<p><a href=\"http:\/\/www.konkursbiotechnologiczny.ch.pw.edu.pl\/wp-content\/uploads\/2021\/10\/IV-KB_Fina\u0142_Rozwi\u0105zanie-zadania-5.pdf\"><span style=\"color: #ff0000;\">IV KB_etap II_rozwi\u0105zanie zadania 5<\/span><\/a><\/p>\n","protected":false},"excerpt":{"rendered":"<p>III KB_etap I_rozwi\u0105zanie zadania 5 III KB_etap I_rozwi\u0105zanie zadania 6 III KB_etap I_rozwi\u0105zanie zadania 7 III KB_etap I_rozwi\u0105zanie zadania 8 III KB_ etap I_rozwi\u0105zanie zadania 10 IV KB_etap II_rozwi\u0105zanie zadania 4 IV KB_etap II_rozwi\u0105zanie zadania 5<\/p>\n","protected":false},"author":1,"featured_media":0,"parent":0,"menu_order":0,"comment_status":"closed","ping_status":"closed","template":"","meta":{"two_page_speed":[],"footnotes":""},"class_list":["post-708","page","type-page","status-publish","hentry"],"_links":{"self":[{"href":"https:\/\/www.konkursbiotechnologiczny.ch.pw.edu.pl\/index.php\/wp-json\/wp\/v2\/pages\/708","targetHints":{"allow":["GET"]}}],"collection":[{"href":"https:\/\/www.konkursbiotechnologiczny.ch.pw.edu.pl\/index.php\/wp-json\/wp\/v2\/pages"}],"about":[{"href":"https:\/\/www.konkursbiotechnologiczny.ch.pw.edu.pl\/index.php\/wp-json\/wp\/v2\/types\/page"}],"author":[{"embeddable":true,"href":"https:\/\/www.konkursbiotechnologiczny.ch.pw.edu.pl\/index.php\/wp-json\/wp\/v2\/users\/1"}],"replies":[{"embeddable":true,"href":"https:\/\/www.konkursbiotechnologiczny.ch.pw.edu.pl\/index.php\/wp-json\/wp\/v2\/comments?post=708"}],"version-history":[{"count":8,"href":"https:\/\/www.konkursbiotechnologiczny.ch.pw.edu.pl\/index.php\/wp-json\/wp\/v2\/pages\/708\/revisions"}],"predecessor-version":[{"id":849,"href":"https:\/\/www.konkursbiotechnologiczny.ch.pw.edu.pl\/index.php\/wp-json\/wp\/v2\/pages\/708\/revisions\/849"}],"wp:attachment":[{"href":"https:\/\/www.konkursbiotechnologiczny.ch.pw.edu.pl\/index.php\/wp-json\/wp\/v2\/media?parent=708"}],"curies":[{"name":"wp","href":"https:\/\/api.w.org\/{rel}","templated":true}]}}